o = -5*p + 81. Suppose 33*y = 59*y - 416. Calculate the highest common divisor of p and y.
16
Let s(w) = -117*w + 112*w - 1 - 3*w**2 + 2*w**2. Let x be s(-2). Suppose -8*k + 30 = -x*k. Calculate the highest common divisor of k and 90.
10
Let j(g) = -53*g - 6. Let z be j(-4). Suppose -r - 5*w = -40, 2*w = -4*r + 5*w + z. What is the greatest common factor of 20 and r?
10
Let i(p) = -p**3 + 18*p**2 - 50*p + 20. Let f be i(14). Let o be (-5)/(-25) + (-779)/(-5). What is the highest common factor of f and o?
52
Let f(v) = -v**3 - 27*v**2 + 27*v + 92. Let q be f(-28). Calculate the greatest common factor of q and 24.
24
Suppose 42 = 12*o - 11*o. Let r be 2/7 + 744/o. Calculate the highest common factor of 54 and r.
18
Let j = 2054 + -1391. Calculate the greatest common divisor of 51 and j.
51
Let j = 380 - -100. Suppose j = -6*o + 9*o. Suppose -b + 15 = -5. What is the greatest common factor of o and b?
20
Let y(k) = -k**3 - 4*k**2 - 13*k + 15. Let l be y(-5). What is the highest common factor of 175 and l?
35
Suppose -2232 = -37*d - 678. Calculate the greatest common divisor of 406 and d.
14
Suppose 0*k = 4*k - 32. Let r = 1418 + -1362. Calculate the highest common divisor of r and k.
8
Suppose -282*h + 303*h = 231. Suppose -594 - 594 = -3*v. Suppose -v = -5*o + o. Calculate the greatest common factor of h and o.
11
Let g(t) = t**2 - 20*t + 39. Let q be g(18). Suppose -4*k + 2*k - 4*c - 12 = 0, 0 = q*k - 4*c - 22. Calculate the highest common factor of 54 and k.
2
Suppose -4*q + 2*o + 686 = 0, 10*q - 2*o + 169 = 11*q. Calculate the highest common factor of q and 9.
9
Let u = -87 - -88. Let r be 556/28 + u/7. What is the highest common factor of r and 50?
10
Let b(o) = -10*o + 254. Let z be b(20). What is the highest common divisor of z and 306?
18
Let d(g) = -4*g - 143. Let y be d(-40). Calculate the greatest common divisor of y and 51.
17
Let x = -23 - -32. Let n(v) = -v**3 - 6*v**2 + v + 4. Let w be n(-6). Let d be (9/(-4))/(w/32). What is the greatest common factor of d and x?
9
Let z(w) = -28*w - 51. Let h be z(-2). Calculate the greatest common divisor of h and 165.
5
Let q(z) be the second derivative of z**4/2 - 3*z**2 - 4*z. Let m be q(5). Let c be m/15 + 9/(-15). Calculate the greatest common factor of 72 and c.
9
Let o = 13 - 13. Suppose -2*g = -3*w + 3*g - 15, 3*w - 2*g + 6 = o. Let y be (-2)/(4/(-26)) - w. Calculate the greatest common divisor of 39 and y.
13
Let r(c) = c**3 + 13*c**2 - 34*c + 100. Let i be r(-15). What is the highest common divisor of 1360 and i?
80
Let o(a) = 3*a - 9. Let q(n) = n - 1. Let b(m) = o(m) - 6*q(m). Let v be b(-6). Suppose 2*c - 5*c + v = 0. Calculate the greatest common factor of 45 and c.
5
Let x = -42 + 72. Calculate the greatest common factor of x and 195.
15
Let u be 1 - ((-21)/6)/(12/24). What is the greatest common divisor of u and 64?
8
Let i = 375 + -345. What is the highest common factor of i and 30?
30
Let t be -15 - -27 - (2 - 1). Let z(p) = 2*p**2 - 12*p - 6. Let n be z(t). Let k(h) = 13*h**3. Let w be k(1). What is the greatest common factor of n and w?
13
Let r(w) = -5*w - 6. Let c(l) = l - 1. Let s be c(-5). Let f be r(s). Let g be (0/(-1) - 8)/(28 - 1368/48). Calculate the greatest common divisor of g and f.
8
Suppose 2*c - 3*c = -18. Let o be 1/(3/c) - 2. Suppose -2*t = -4*j + 39 + 31, 14 = j - o*t. What is the highest common factor of j and 144?
18
Let m be ((-74)/(-259))/(6/147). What is the greatest common factor of 791 and m?
7
Let h = 51 - 24. Let v = 7 + -10. Let k = 84 + v. What is the greatest common divisor of k and h?
27
Let a(l) = -4 + 0 - 3*l**2 + 0 + 6*l + 1 + 11*l**3. Let s be a(2). What is the greatest common divisor of s and 5?
5
Let u be (68/28 + -5)/((-1)/7). Let o = 247 + -175. Calculate the highest common factor of u and o.
18
Let x = -9 + -70. Let t = x - -93. Calculate the greatest common divisor of 98 and t.
14
Let z(a) = 3*a**2 - 4*a + 6. Let k be z(2). Suppose -2*n - 63 = -4*n - l, -5*n - 3*l = -159. What is the greatest common factor of k and n?
10
Let k(v) = v**3 - v**2 - v + 2. Let r be k(2). Suppose 0 = r*t - 20, 0 = -2*a - a - t + 26. What is the highest common divisor of 112 and a?
7
Let h = 29 + -25. Suppose h*y - 3*y - 22 = 0. What is the greatest common divisor of 22 and y?
22
Let s = -15 + 33. Let a be 0 - (-36)/((-48)/(-8)). Calculate the greatest common divisor of s and a.
6
Let w = 37 - 21. Suppose -x + w = -0. Calculate the highest common divisor of x and 144.
16
Let n = 14 - 6. Suppose 2*m = -2*x + 178, 0 = -4*x + 5*m - 84 + 431. What is the highest common divisor of x and n?
8
Suppose 4*z + 104 = 2*s, -z - 129 - 47 = -3*s. Let a be (-3 - (-164)/(-12))/((-6)/54). What is the highest common factor of s and a?
30
Let w = 1583 - 303. Calculate the greatest common divisor of w and 40.
40
Let c be ((-30)/(-2) - 2) + -1. Suppose -3*q + 3*t = -0*t - 24, -5*q + 2*t = -28. Calculate the highest common factor of q and c.
4
Let o = 226 + -66. What is the greatest common factor of o and 120?
40
Let m be (-2)/((-21)/(-22) - 1). Let o = 737 - 352. Let p = o - 275. Calculate the greatest common divisor of p and m.
22
Let x be (3 - 4)/(0 + -1). Suppose 8 = w - x. What is the greatest common divisor of w and 81?
9
Suppose 1671 - 551 = 8*t. Calculate the highest common divisor of 20 and t.
20
Let t = 28 + -26. Suppose -2*z = 5*f - 57, -t*z + 2 = 10. Suppose 3*h = 269 + 82. Calculate the greatest common factor of h and f.
13
Let s(u) = u**3 - 4*u**2 + 7*u + 2. Let n be s(4). What is the greatest common factor of 2 and n?
2
Let o(c) = -c**3 - 7*c**2 + 16*c. Let f be o(-7). Let s = f - -118. Calculate the greatest common factor of s and 9.
3
Suppose -4*q - 8 = -2*r, -2*r + 0*q - 1 = 5*q. Suppose 0 = r*x - x + 2*o - 8, 36 = 2*x - o. Calculate the highest common divisor of 40 and x.
8
Let s(v) = -v**2 - 3*v + 3. Let g be s(-3). Let z(p) = -p**2 + 6*p - 2. Let x be z(g). What is the greatest common divisor of 35 and x?
7
Suppose 0 = -28*m - 32*m + 2100. What is the greatest common divisor of 875 and m?
35
Let j = 1139 - 807. Let d = -9 - -11. Suppose 4*n - 2*l = j, 3*l = 2*n + d*n - 330. What is the highest common factor of n and 28?
28
Suppose k - j - 21 = j, 99 = 3*k + 3*j. Suppose -83 = -2*a + k. Calculate the greatest common factor of 56 and a.
56
Suppose -105 = -5*p + 1040. Let k = 320 - p. Let t = -13 + 26. Calculate the highest common divisor of t and k.
13
Let c = 9 + -5. Let n(t) = t**2 - 3*t - 2. Let q be n(-3). Suppose 4*b + h - q = -3*h, -b = 4*h - 13. What is the greatest common factor of c and b?
1
Suppose 4*y + 20 = 5*k, -4*y + 5*y = -5*k - 5. Suppose -7*n + 432 - 166 = k. Calculate the greatest common divisor of n and 152.
38
Let u be (-1)/3*0 - -2. Suppose 2*p - u*o - 2*o = 4, -5*o = p - 2. Let f be (-4)/(8/(-6)) - 1. Calculate the highest common divisor of f and p.
2
Suppose 1035*n = 1042*n - 5110. What is the highest common divisor of 10 and n?
10
Suppose -5*n + 1 - 2 = d, -2*n - 18 = -4*d. Let v(c) = -5*c + 10. Let t be v(d). Let j be 75/t*(-8)/2. What is the greatest common divisor of 10 and j?
10
Let s = -1870 + 1956. What is the highest common divisor of s and 817?
43
Let r(p) = p**2 + 3*p - 6. Suppose 0*a + 3*f + 37 = -5*a, -5*f - 30 = 2*a. Let n be r(a). Calculate the highest common divisor of 28 and n.
4
Let i be (-22)/1*(-27)/2. Let o be 6/15 - 24/(-40). Let u be (i/(-12))/(o/(-8)). What is the highest common divisor of u and 18?
18
Let w be ((-220)/8)/((-3)/2 + 1). Calculate the highest common divisor of 25 and w.
5
Suppose i + 1 - 3 = 0. Let t = -2 + i. Suppose q = -t*q + 5. Calculate the highest common divisor of q and 55.
5
Suppose 2*o + 5*c - 25 = 29, 0 = -o + 2*c + 27. Calculate the highest common factor of 135 and o.
27
Let o(m) = 2*m**2 + 40*m + 32. Let b be o(-20). Let p = -19 - -27. Calculate the highest common divisor of b and p.
8
Suppose 0*y - 2*y + 4 = 0. Suppose 59 = 5*r + y*v + v, 5*v = -5*r + 55. Suppose -18 - 34 = -2*o. What is the highest common factor of o and r?
13
Suppose 0 = -u - 15 + 9. Let f = 16 - u. Calculate the greatest common factor of 88 and f.
22
Let i = -10 + 26. Let v(b) = -b**2 + 10*b - 5. Let k(q) = q + 13. Let d be k(-6). Let p be v(d). What is the highest common divisor of i and p?
16
Suppose -7*w - 114 